se 4*i - 4 = q*i. Let t(a) = a**3 - 6*a**2 + 5*a + 3. Calculate t(i).
-9
Let x = -5 + 0. Let z(b) = -b**3 - 4*b**2 + 7*b + 6. Give z(x).
-4
Let z(b) = 7*b**3 + 16 - 17 - b**2 - b + 2*b**2 + 2*b**3. Determine z(-1).
-8
Let i(r) = -3*r - 11. Let h(z) = 17*z + 54. Let x(p) = 2*h(p) + 11*i(p). Determine x(9).
-4
Let w(v) be the second derivative of -v**3/6 - v**2 - 2*v + 1. Determine w(7).
-9
Suppose 5*k = -0*k + 20. Let n(g) be the first derivative of -g**2/2 + 2*g - 91. What is n(k)?
-2
Let l(x) be the first derivative of -x**4/4 - 5*x**3/3 + 4*x**2 + 8*x + 3. Let b be l(-6). Let i(y) = -2*y. Calculate i(b).
8
Let g(b) = b - 2. Let x be (-3)/(-5) - 3/5. Calculate g(x).
-2
Let f(l) = 6*l - 1. Suppose -4*h - 4*i - 12 = -4, 3*h + 12 = -5*i. Let r be f(h). Let d(q) = -q**3 + 4*q**2 + 6*q - 4. What is d(r)?
1
Let x(l) = -l**2 + 4*l. Suppose 0 = -i + 3*v + 5, -2*i + 5*v - 2*v = -10. Let c be (i/(-2))/(1/(-2)). Calculate x(c).
-5
Let j(a) be the third derivative of a**6/120 + a**5/30 - a**4/12 + 2*a**3/3 - 7*a**2. What is j(-3)?
1
Let h = 4 - 7. Let f(j) be the third derivative of j**6/180 + j**5/40 - j**4/8 + j**3/6 + 5*j**2. Let n(a) be the first derivative of f(a). What is n(h)?
6
Suppose -5*t = -5*l - 20, -l + 0*t = 2*t - 5. Let b(w) = -w**3 + 3*w**2 + 3. Let s(y) = -2*y**3 + 10*y**2 - y + 10. Let z(n) = 7*b(n) - 2*s(n). Calculate z(l).
3
Let a(w) = -2*w**3 + 9*w**2 + 5*w - 5. Let f(v) = v**3 - 8*v**2 - 5*v + 4. Let s = 13 - 10. Let b(d) = s*f(d) + 2*a(d). Give b(-5).
2
Suppose 6 = 5*a - 9. Suppose 4*z = a*h + 19, 7*z + h - 15 = 3*z. Let q(x) = -x + 13. Let r(i) = -2*i + 25. Let l(p) = 7*q(p) - 4*r(p). Give l(z).
-5
Suppose -s = -2*s. Let w(j) = 13*j + 16. Let i(n) = -3*n - 4. Let m(x) = 9*i(x) + 2*w(x). Calculate m(s).
-4
Let c(i) = -2*i**2 - i - 3. Let n(y) be the second derivative of -y**4/6 - y**3/3 - 3*y**2/2 - 9*y. Let d(j) = -7*c(j) + 6*n(j). Determine d(3).
6
Let b(h) = h**3 - h - 1. Let k be (6/(-4))/((-3)/4). Suppose k = 5*t + 7. What is b(t)?
-1
Let u(g) be the second derivative of -g**3/3 + g**2 + 2*g. Let v be 2/(-1 - 1)*(-4 - -1). Determine u(v).
-4
Let p(h) = -3 + 4 + h**2 - 4 - h. Let a = 24 - 9. Suppose -3*r - 2*r = -a. Give p(r).
3
Let n(y) = 3*y - 4. Let k(z) = 3*z - 3. Let c(i) = -6*k(i) + 5*n(i). What is c(-4)?
10
Let n(y) be the second derivative of -y**4/12 + 4*y**3/3 - 5*y**2/2 - y + 6. Give n(8).
-5
Let k(s) = 0*s - 3*s + 3 + 0*s. Calculate k(-4).
15
Suppose -3*i = 2*i - 20. Let c(u) = -5*u + 3*u - i*u + u - 2. Give c(-3).
13
Let o(t) = t + 3. Let k(q) be the first derivative of 2 - 1/2*q**2 - q. Let m be k(-1). Give o(m).
3
Let d(o) be the second derivative of -o**3/6 - 3*o**2 - 16*o. Calculate d(0).
-6
Let l(a) = -2. Let c(j) = -j - 4. Let x(r) = 2*c(r) - 3*l(r). Suppose -t + 4 = -0*t. What is x(t)?
-10
Let p(f) = 3*f**2 + 21 - 4*f**2 - 3*f - 18 + 2*f**2. Calculate p(5).
13
Let b(i) = 3*i**2 - i**2 + 3 + i**3 + 0*i**2 + i - 3*i. What is b(-3)?
0
Suppose 2*g = 3*g - 3, 4*a + 4*g = -4. Let s be 8/3 - (-2)/6. Let u(q) = 2*q**2 + 0*q**2 - 4 + s*q - 4*q**2 + 3*q**2. What is u(a)?
0
Let f(u) = u**3 - 2*u**2 + 3*u - 2. Suppose 0 = -4*b + 10 - 2. Determine f(b).
4
Let v(l) = -l**2 + l - 1. Let t(r) = r**3 + 9*r**2 - 7*r + 3. Let k(q) = -t(q) - 5*v(q). Let b(o) = o**2 - 2*o. Let f be b(3). Suppose -8 = f*a - a. Give k(a).
-6
Let z(n) = 0 - 5*n - 5*n**2 - 3 + 4*n**2. Suppose -3*y = 4*m - 20, -5*y + m + 18 = -0*m. Suppose 1 = -p - y. Calculate z(p).
-3
Let o(p) = -3*p. Suppose -28 = -5*c - 3. Suppose 0 = 5*u - c - 0. Determine o(u).
-3
Let b(f) = -17*f**3 + f**2 - 1. Suppose 5*r + 2*t = r, r - 2*t = 5. What is b(r)?
-17
Suppose 19 + 4 = x. Suppose x*j - 18*j = 0. Let p(q) = 3*q - 2*q + 0*q - 3. Determine p(j).
-3
Let t = 3 + 1. Let v(c) = 4*c - c**2 + t*c - 3*c. Give v(3).
6
Let v(l) be the second derivative of l**3/6 + 13*l**2/2 - 15*l. What is v(-7)?
6
Let r(i) = 7*i**2 - 2*i - 1. Let b(g) = 4*g**2 - g. Let l(x) = 5*b(x) - 3*r(x). Calculate l(-3).
-9
Let w be 3*(1 + 10/(-6)). Let k(d) = -d**3 - 3*d**2 + 2. Calculate k(w).
-2
Let b(l) be the first derivative of l**2/2 - 2*l - 5. Calculate b(9).
7
Let o(t) = t**3 - 3*t**2 + 2*t + 2. Suppose -3*c - 5*l = -83, 0*c - 3*l - 30 = -2*c. Let g = -19 + c. Determine o(g).
2
Let i(p) = -p**3 - 6*p**2 + p - 2. Let l = -2 - 4. Determine i(l).
-8
Suppose -5*q + g = -6, -q + g + 4 = 3*q. Suppose -q*r - 2 = 4. Let z(k) = 2*k + 2*k**2 + 2 - k**2 - 3. Calculate z(r).
2
Let c be ((-2)/2)/((-1)/3). Let b(y) = 4*y - 6 - 6*y + c*y. Let w be (-2)/1 - (0 - (-3 - -5)). Calculate b(w).
-6
Let w(a) = a**2 - a + 1. Let r(i) = -3*i**2 - i - 10. Let c(j) = r(j) + 4*w(j). Give c(5).
-6
Let i(c) be the first derivative of 3*c**2 - 3*c - 1. Give i(2).
9
Let c(s) = s - 4. Let h(a) = -4*a - 3. Suppose 2*p - 6 = 2*f, 0 = -2*f + 3*p - 8 + 1. Let n be h(f). Give c(n).
1
Let s = -29 - -24. Let t(j) = j**2 + 5*j - 1. Give t(s).
-1
Suppose -2*y = -4*y. Let p(c) = -c - 19. Give p(y).
-19
Let p(o) = -14*o**2 + 29*o - 18. Let c(q) = -5*q**2 + 10*q - 6. Let a(v) = 11*c(v) - 4*p(v). Suppose 5*k = -m + 39 - 9, 5*m = -4*k + 45. Determine a(m).
1
Let g(s) = 2*s**3 + s**2 - 1. Let y = 12 + -13. What is g(y)?
-2
Let c(o) = 4*o**3 + 2*o + 1. Let u be (-4)/(2*-4)*-2. Calculate c(u).
-5
Suppose 6 + 6 = 4*n. Let w(g) = 0 - g - 1 + n - g. Let v be (1/1)/((-3)/6). Give w(v).
6
Let i(u) be the first derivative of u**4/4 - u**3/3 - 3*u**2/2 + u + 6. Let m(k) = k**3 + k**2 + k - 1. Let t be m(1). What is i(t)?
-1
Let t be (-2)/(-7) - (-103)/7. Let n be (-6)/t + (-4)/(-10). Let m(h) = 2*h**3 + 6. Let g(c) = c**3 - c + 1. Let d(s) = g(s) - m(s). Determine d(n).
-5
Let z(u) = -u**3 + u**2 - 2*u. Let w(x) be the second derivative of -x**5/20 + x**4/3 + x**3 - 3*x**2/2 + x. Let c be w(5). What is z(c)?
-8
Let p(w) be the first derivative of w**6/120 + 7*w**5/60 + w**4/24 + 7*w**3/6 + w**2 + 10. Let k(r) be the second derivative of p(r). Determine k(-7).
0
Let t = -7 - -9. Let m(u) = 7*u**t + u**3 - 9 + 9 + 7*u. Give m(-6).
-6
Let n(y) = -y**3 - 5*y**2 + 8*y + 5. Let r be 1/2*-4*-1. Suppose -r*d - 1 + 11 = 0. Let q = d - 11. Calculate n(q).
-7
Let t(s) = -s**2 + 8*s - 3. Let j(x) = -x**2 + 7*x - 2. Let w(c) = -3*j(c) + 2*t(c). Calculate w(6).
6
Let y(u) = -1 + 2*u**3 + u**3 + u - 4*u**3 + u**2 + u. Give y(2).
-1
Let c(m) be the first derivative of m**3/3 + m**2 + 16. Determine c(4).
24
Let s(b) = -b**3 - 5*b**2 + 8*b + 9. Let z be 2/((-1)/((-12)/(-8))). Let p = z - 3. Calculate s(p).
-3
Suppose 2 = 2*l - 0. Suppose 4*p + x = 21, -3*p + 0*x = -3*x + 3. Let r(h) = -2*h - 4*h + p - 3. Calculate r(l).
-5
Let z(j) = -4*j**2 + j + 1. Let k(v) = v + 3 + 4*v**2 - 2*v**2 - 11 + 5*v**2 - v**3. Let m be k(7). Give z(m).
-4
Let f(y) = -70 + 137 - 72 - 2*y**2 + y**2 - 7*y. Determine f(-8).
-13
Let h(v) = v**2 + v - 5. Let k be h(-4). Suppose -5 = -3*q + k. Let d(j) = -3*j - 13. Let x(m) = m + 6. Let s(w) = -2*d(w) - 5*x(w). Calculate s(q).
0
Let z(i) = i**2 - 4*i - 9. Let u(v) = -v**2 + 5*v + 10. Let p(w) = 2*u(w) + 3*z(w). Let n = 4 - -1. What is p(n)?
8
Let u(q) = q - 4. Let m be u(-5). Let f be (1 - -5)*(-6)/m. Let n(s) be the second derivative of s**3/6 - 3*s**2/2 - 34*s. Determine n(f).
1
Let n(t) be the second derivative of t**4/2 + t**3/2 - 5*t**2/2 + 3*t. Let f(h) = 7*h**2 + 3*h - 6. Let d(x) = 5*f(x) - 6*n(x). Calculate d(-2).
2
Let y(v) = v + 7. Let b = 26 + -19. Let u = 3 - b. Determine y(u).
3
Let m(w) = w**3 - 4*w**2 - 6*w + 7. Let l(i) = 2*i**2 - 4*i - 1. Suppose -3*o + 9 = 4*s - 3, -6 = -2*s + 5*o. Let x be l(s). What is m(x)?
2
Suppose 2*w = 3*k - 19, 6 - 30 = 2*w - 4*k. Let r be 2 + (w - 0 - -2). Suppose -r*y = -8, -3*b + 4*y + 2 = -0*b. Let z(p) = 2*p - 8. Give z(b).
4
Let n(p) be the first derivative of p**2/2 - p - 20. What is n(-5)?
-6
Let g(v) = v**2 + 7*v + 9. Let d(a) = -4*a**2 - 27*a - 37. Let z(i) = 2*d(i) + 9*g(i). What is z(-7)?
-7
Let g(j) = j**2 + 2. Let k be g(-1). Let b(a) = -a - 1 + 4 + 0*a. What is b(k)?
0
Let b(z) be the second derivative of z**3/2 - 6*z**2 - z - 7. Give b(8).
12
Let j be (8/(-12))/(3/(-18)). Let v(n) = -n + 2*n + j - 1 + 9. Calculate v(-6).
6
Suppose -52 + 19 = -2*t - 5*o, o - 25 = -5*t. Suppose -3*j - t = 2, 0 = 2*n - 4*j - 26. Let f be 6/(n/(-3))*-2. Let s(q) = -q**3 + 4*q**2 + 4*q - 6. Give s(f).
10